is 110 - 110000011011110?
-110000011011000
In base 11, what is -174a531 - -1?
-174a530
In base 10, what is 55 + 1834?
1889
In base 11, what is 6 + -279?
-273
In base 12, what is -3 - -19aab?
19aa8
In base 11, what is 191154 - 5?
19114a
In base 2, what is -1001 + -111110101110?
-111110110111
In base 2, what is -101 - 111000011001100?
-111000011010001
In base 4, what is 1010022232 - 3?
1010022223
In base 7, what is -1263 + 1324?
31
In base 4, what is 11 + -2330112?
-2330101
In base 12, what is 0 + 3976?
3976
In base 9, what is -5557586 + 4?
-5557582
In base 15, what is -a9 + -1c7?
-281
In base 13, what is 172 + 5?
177
In base 16, what is 1 + -1931f?
-1931e
In base 9, what is -2633 + -1158?
-3802
In base 13, what is -5 + 5a39?
5a34
In base 8, what is 1571 + -3?
1566
In base 5, what is -124 + 2022012?
2021333
In base 13, what is 4 - -22cc9b?
22cca2
In base 5, what is 322243 - 2043?
320200
In base 6, what is 100233 - 3?
100230
In base 10, what is 1269875 + 4?
1269879
In base 16, what is -4 - 88f?
-893
In base 4, what is 2033110 - 2223?
2030221
In base 13, what is 19 + 128c?
12a8
In base 10, what is -196 + -1373?
-1569
In base 3, what is 1 - -1010000121212?
1010000121220
In base 11, what is 12a74 + 6?
12a7a
In base 16, what is -2 - -e87?
e85
In base 2, what is 1001 - 10100101110?
-10100100101
In base 15, what is a8b + 18?
aa4
In base 14, what is b6a656 - -2?
b6a658
In base 12, what is 22b3 - 109?
21a6
In base 6, what is 540253 - -2?
540255
In base 3, what is -10112 + -2120002?
-2200121
In base 3, what is 1021000011 - 112?
1020222122
In base 9, what is 54220 - 4?
54215
In base 5, what is 10110 - 110142?
-100032
In base 12, what is 59aa - -10?
59ba
In base 4, what is -12 - -22023101?
22023023
In base 7, what is -64 - -3213?
3116
In base 3, what is -12121 - -220022?
200201
In base 7, what is -1032 + 1151?
116
In base 2, what is 10010111000010 + -1001000110?
10001101111100
In base 4, what is -113313012 + -1?
-113313013
In base 14, what is -1 + -7cc2?
-7cc3
In base 16, what is 5 - -305bc?
305c1
In base 4, what is -1 + 222132?
222131
In base 6, what is 14 - 5334143?
-5334125
In base 4, what is 1 - -21033202?
21033203
In base 4, what is 213021 + -231?
212130
In base 15, what is -5 + -291e6?
-291eb
In base 2, what is 10001000010 + 111000010?
11000000100
In base 4, what is 12230011 + 12?
12230023
In base 4, what is 11 + -22102230?
-22102213
In base 8, what is 12567 + 5?
12574
In base 12, what is 19340 + 20?
19360
In base 11, what is -58688 + -6?
-58693
In base 10, what is -7972 + 26?
-7946
In base 3, what is 111200201 + -12?
111200112
In base 13, what is -5 + 1b8911?
1b8909
In base 10, what is 2 - -886190?
886192
In base 4, what is 10130031330 + 11?
10130032001
In base 2, what is -1100001001 + -110101101?
-10010110110
In base 12, what is 2695 - -14?
26a9
In base 8, what is 12526 - -10?
12536
In base 14, what is 7938c + -5?
79387
In base 16, what is -1a - -5162?
5148
In base 12, what is 61 - 140?
-9b
In base 6, what is -1552203 - -10?
-1552153
In base 2, what is 1111001101001 - 1011011?
1111000001110
In base 12, what is 24783 + 8?
2478b
In base 4, what is -1200002 + -3212?
-1203220
In base 14, what is -17 - 267?
-280
In base 2, what is -10011001 - -1101100110010?
1101010011001
In base 2, what is -1 + 1001111011101000?
1001111011100111
In base 6, what is 31523 - 244?
31235
In base 14, what is -51 - -2b38?
2ac7
In base 14, what is -59944 - 5?
-59949
In base 3, what is -121 + 2102012?
2101121
In base 8, what is -11 - -27015?
27004
In base 6, what is -111 + 3342?
3231
In base 8, what is -14 - 1031?
-1045
In base 7, what is -26106 - 440?
-26546
In base 7, what is 1 + 31643?
31644
In base 12, what is 2628114 - -2?
2628116
In base 11, what is 43a4 - 102?
42a2
In base 15, what is 2 - -6d5e7?
6d5e9
In base 10, what is 105846 + 0?
105846
In base 11, what is 10a + 603?
712
In base 6, what is 33411 + 0?
33411
In base 7, what is -530 + 421?
-106
In base 2, what is -100000 - -11100111000000?
11100110100000
In base 8, what is 7 + 17047?
17056
In base 15, what is -85c4 - 3?
-85c7
In base 9, what is 0 - 127362?
-127362
In base 5, what is 1223412340 + 3?
1223412343
In base 7, what is 63 + 1064?
1160
In base 8, what is 12 + -52437?
-52425
In base 11, what is 4398 + 210?
45a8
In base 6, what is 10 + 325451?
325501
In base 15, what is 1c99 - -16?
1cb0
In base 4, what is 100003 - 1020?
32323
In base 16, what is 3f3a - -5?
3f3f
In base 7, what is 2253045 + 0?
2253045
In base 10, what is -5 - -15897?
15892
In base 2, what is -100 + -111100011000101101100?
-111100011000101110000
In base 10, what is 4523 - -22?
4545
In base 15, what is -3 + 2bbc?
2bb9
In base 7, what is -1304226 + -4?
-1304233
In base 11, what is -3 + 70a99?
70a96
In base 5, what is -241001 - 3?
-241004
In base 14, what is 35 - 3b54?
-3b1d
In base 4, what is -2 - -202030?
202022
In base 7, what is 140305006 - 3?
140305003
In base 5, what is -14 - -33242?
33223
In base 14, what is 3 - 126480?
-12647b
In base 2, what is 100010000110 + 110?
100010001100
In base 2, what is 1000000010101000 + -10101?
1000000010010011
In base 13, what is 305a + 17a?
3207
In base 13, what is -8876 - 2?
-8878
In base 4, what is -12102 + -2121?
-20223
In base 5, what is 30 + -423?
-343
In base 12, what is -1217 + -1bb?
-1416
In base 7, what is -60 + -11550?
-11640
In base 13, what is 237 + 34?
26b
In base 13, what is -3 + 29b907?
29b904
In base 6, what is -21 + -552203?
-552224
In base 9, what is 388 + -77?
311
In base 5, what is -213 + -4142?
-4410
In base 10, what is -1 + -2164?
-2165
In base 16, what is -19f46 - -1?
-19f45
In base 11, what is -152 + -21a?
-371
In base 11, what is 1257 - -435?
1691
In base 4, what is 12323 + -1?
12322
In base 10, what is -95 + 173?
78
In base 8, what is -13 + -54052?
-54065
In base 15, what is 1 - 60d1?
-60d0
In base 10, what is 53572 - -3?
53575
In base 4, what is 10200113 - 23?
10200030
In base 5, what is -103 - 13402?
-14010
In base 9, what is 15 + -51626?
-51611
In base 4, what is -20100 + 23?
-20011
In base 6, what is -14533152 + 5?
-14533143
In base 8, what is -5 + -50154?
-50161
In base 6, what is -54 - -554?
500
In base 10, what is 58773 - 33?
58740
In base 3, what is -112020221 - 102?
-112021100
In base 16, what is cc6 + -7e?
c48
In base 6, what is 3 - -11434240?
11434243
In base 14, what is 4d + -4ddd?
-4d90
In base 4, what is -121 - 120003?
-120130
In base 3, what is 1202211 + 2020?
1212001
In base 6, what is 14205 - -540?
15145
In base 13, what is -10391 + 9?
-10385
In base 11, what is 1 + 8a15?
8a16
In base 14, what is -233 - 1d?
-252
In base 11, what is 105a98 - -3?
105aa0
In base 15, what is -733b + -49?
-7385
In base 2, what is 100011100110110 + 100111?
100011101011101
In base 2, what is 1001111010111000 - 101?
1001111010110011
In base 16, what is 17a - -2485?
25ff
In base 11, what is -473 + -4?
-477
In base 15, what is -7 - -470?
468
In base 2, what is -101 + -101101001000110?
-101101001001011
In base 11, what is -13 + 12944?
12931
In base 9, what is -1667248 + 1?
-1667247
In base 10, what is 8 - 1575?
-1567
In base 14, what is -143ba - -7?
-143b3
In base 13, what is 632c13 + 3?
632c16
In base 5, what is 2 + -101101442?
-101101440
In base 13, what is -11161 + 9?
-11155
In base 2, what is -10011000011111 - 10011000?
-10011010110111
In base 3, what is 220212212 + 11?
220220000
In base 16, what is 0 + b3b3a?
b3b3a
In base 9, what is -2 - 6274?
-6276
In base 15, what is -4 - 1692c3?
-1692c7
In base 6, what is -1 + -240320?
-240321
In base 10, what is 2043 - -9?
2052
In base 2, what is 1000001000 - 10000?
111111000
In base 10, what is 69496 + 4?
69500
In base 8, what is -203705 + 11?
-203674
In base 15, what is -918a + -1?
-918b
In base 15, what is 34e10 - 0?
34e10
In base 13, what is 39a27 + -1?
39a26
In base 8, what is 57263 - -5?
57270
In base 4, what is -31311100 - 0?
-31311100
In base 8, what is -461 + -1712?
-2373
In base 9, what is -53661 - -4?
-53656
In base 13, what is 20754 - 0?
20754
In base 15, what is a25a + 1?
a25b
In base 3, what is 120122202 - -20?
120122222
In base 5, what is 124140 - 4403?
114232
In base 14, what is -11 + -6353?
-6364
In base 9, what is -63 - 17070?
-17143
In base 5, what is -4 - -3244121?
3244112
In base 6, what is -1152 - -5?
-1143
In base 5, what is -222